s**5/60 + s**4/8 + s**3/2 + s**2. What is the units digit of a(-4)?
7
Suppose 2 = -3*i + 8. Suppose -26 = -f + 3*s, i*f - s - 94 + 22 = 0. What is the units digit of f?
8
Suppose 2 = 3*a - 1, 2*g - 336 = 4*a. What is the tens digit of g?
7
Suppose -4*b + 163 = -3*b. What is the units digit of b?
3
Let p(s) = s**2 - 5*s + 3. Let l be p(3). Let u be ((-3)/2)/(l/20). What is the units digit of (-2)/(-5) - (-116)/u?
2
Let n(m) = -2*m**3 - 6*m**2 - 5*m - 2. Let p be n(-4). Suppose b - p = -4*b. What is the units digit of b?
0
Let t(i) = i**3 - 3*i**2 - 2*i - 2. Let j = 9 - 5. Let y be t(j). Suppose -4*l = -y - 2. What is the units digit of l?
2
Let p = 77 - -10. What is the units digit of p?
7
Let m = 35 + -34. What is the units digit of m?
1
Suppose 35 + 1 = 4*y. What is the units digit of (12/y)/1*6?
8
Let v be (2/4)/(6/(-156)). Let t = 48 + v. What is the units digit of t?
5
Let j(b) = -b**3 - 9*b**2 + 14*b - 25. What is the tens digit of j(-11)?
6
Suppose -2*d + 21 = -99. What is the tens digit of d?
6
Let l be (-18)/(-3)*(-2 - -3). Let p = l - -25. What is the units digit of p?
1
Let n(a) = -a + 9. What is the units digit of n(8)?
1
Let u(y) = y - 1. Let j(n) = -2*n + 2. Let a(k) = -j(k) - 3*u(k). Let f be a(1). Suppose -3*i + 5 - 2 = f. What is the units digit of i?
1
Suppose -21 = 5*q - 1. What is the units digit of (-1)/q + 28/16?
2
Let q = 7 + -5. Suppose -8 = q*n - 22. Suppose n*u - 55 = 2*u. What is the units digit of u?
1
Let c(m) = m + 8. Suppose -2*b + b = 0. Let l be c(b). Suppose p - l = a + 6*p, -2*p + 4 = a. What is the tens digit of a?
1
What is the tens digit of 12/(-4) + (0 - -105*1)?
0
Let j(d) = -d**2 + 8*d + 13. Let n be j(9). Suppose -n*y + 11 - 3 = 0. What is the units digit of y?
2
Suppose -8*r = -3*r + 165. Let x = 70 + r. What is the units digit of x?
7
Let s be 1 + 62 + (-3)/3. Let g = s - 39. What is the tens digit of g?
2
Let n(b) = -b**2 + 3*b + 4. Let k be n(11). Let h = -53 - k. What is the tens digit of h?
3
Let l = -9 + 7. What is the tens digit of (l - -1)/2*-62?
3
Suppose 0*v + 2*m = 5*v - 600, -3*m = -15. What is the tens digit of v?
2
Suppose 2*p - w = -5, -w + 3 = p + 4*w. Let t = 4 + p. What is the units digit of t?
2
Let i = 21 + -20. Suppose -i = v, 0 = -3*h + 4*v + 78 - 23. What is the tens digit of h?
1
Suppose -y = -4*j - 0 - 25, -2*y + 5*j = -35. Suppose -h - 4*a + 0 + 1 = 0, a = 3*h + 10. What is the units digit of (2 + h)/((-1)/y)?
5
What is the units digit of ((-36)/6)/6 + (61 - 1)?
9
Suppose 10*o - 5*o - 235 = 5*k, -2*o = -5*k - 103. Suppose -5*r + o = -r. What is the units digit of r?
1
Let z = -40 - -72. Suppose 4 = 2*j - z. What is the units digit of j?
8
Let r(y) = y**2 + 4*y + 5. Suppose c = -c - 12. What is the units digit of r(c)?
7
Suppose -8*z = -3*z - 260. What is the units digit of z?
2
Let b(r) = -14*r + 3. What is the units digit of b(-2)?
1
Let d = -79 + 80. What is the units digit of d?
1
Let w be (3/9)/(1/(-6)). Let m = w - -13. What is the units digit of m?
1
Let g be (14/(-21))/(1/(-6)). Let p(z) = 6 - g*z + z**2 - 10 + 2*z. What is the units digit of p(4)?
4
Suppose 0 = -3*o - 94 + 469. What is the tens digit of o?
2
Let c(d) = 16*d. Let w be c(-1). What is the units digit of (-5 + w)*(-1)/3?
7
Let g(m) = -m + 9. Let y be g(7). Suppose 5*f + y = 27. What is the units digit of f?
5
Suppose z - 3 = -7. Let u = -3 - z. Let k = u + 2. What is the units digit of k?
3
Let n(f) = -f**2 - 5*f - 1. Let x be n(-4). Suppose -v + 48 = x*v. What is the tens digit of v?
1
Let b(j) = -27*j + 0 - 7 + 32*j. Let n = 6 + -1. What is the units digit of b(n)?
8
Let x(m) be the first derivative of 9*m - 4 + 1/2*m**2. What is the units digit of x(0)?
9
What is the units digit of -30*(1 - -2)/(-3)?
0
Suppose 175 = 5*y - 5*l, 5*y + l - 86 = 107. What is the units digit of y?
8
Suppose -316 = -2*u - 2*u. Suppose 5*m + 23 = -4*k + u, 60 = 5*m + 5*k. Suppose m + 0 = 2*f. What is the units digit of f?
4
Suppose -2*p - 5*r + 6*r = -144, p = 2*r + 69. What is the tens digit of p?
7
Let u(i) be the second derivative of -1/3*i**3 - 3*i + 2*i**2 + 0. What is the units digit of u(-3)?
0
What is the tens digit of 2 - (-1)/((-1)/(-11))?
1
Suppose 2*l - 114 = -l. Suppose 2*r - l = -2*s, 3*r - 5*s + 8 = 57. What is the units digit of r?
8
Let j be 18*(3/(-6) + 1). Let r = 18 - j. What is the units digit of r?
9
Suppose -2*r = 5*n - 258, 0*r = 4*n - r - 209. What is the units digit of n?
2
Let o(i) = 1 - 6*i - 5*i**2 - 3 + 4 - 2*i**2 - i**3. Let s be o(-6). What is the units digit of ((-1)/s)/((-1)/16)?
8
Let f(u) = -u + 13. Suppose -9*j = -4*j - 180. Let l be (2/(-6))/((-2)/j). What is the units digit of f(l)?
7
Let k be (-6)/9 + 28/6. Suppose 5*r - 6 = k. Suppose -r*q + 48 = 3*x + 3*q, -4*q + 1 = -x. What is the units digit of x?
1
Let l(o) = 7*o**2 - 9*o + 9. What is the units digit of l(-4)?
7
Suppose -41 = -5*j + 84. Let b = -4 + j. Suppose 0*y = -3*y + b. What is the units digit of y?
7
Suppose -3*r - 21 = -3*k, 0*r = -4*k + 2*r + 20. Let x = -2 - -2. Let l = x + k. What is the units digit of l?
3
Let a(p) = p**3 - 6*p**2 + 3*p - 13. What is the tens digit of a(7)?
5
Let c(x) be the second derivative of 7*x**4/12 + x**3/3 - x**2/2 + x. Let l be c(1). Suppose 0 = -5*o + 3*o + l. What is the units digit of o?
4
Let n(s) = s**3 - s**2 + 2. Let j be n(0). Suppose 3*f = 2*f + j. What is the units digit of 1/1 + f - -4?
7
Let a(q) = -9*q. Let d be a(1). Let i(t) = t**2 + 8*t - 7. Let b be i(d). Suppose -b*u + 12 = -0*u. What is the units digit of u?
6
Suppose 2*w - 2*o + 6 = 5*w, 2*w = 3*o + 4. Let d be 4/w - (-1 + 3). Suppose -2*z + 5*a = -19, z + a + 0 + 1 = d. What is the units digit of z?
2
Suppose -89 = -3*i + 205. What is the tens digit of i?
9
What is the tens digit of 4/(-6) - 240/(-9)?
2
Suppose -3*c - 5*l - 90 = -568, 162 = c + 3*l. Suppose -5*b - 2*t = -c, -4*b - t = t - 126. Suppose -4*p + p = -b. What is the tens digit of p?
1
Let w = 4 - 6. What is the units digit of ((-18)/15)/(w/5)?
3
Let b(j) = -j**3 + 17*j**2 - 15*j + 7. What is the hundreds digit of b(15)?
2
Let f(d) = d**3 + 11*d**2 + 11*d - 2. What is the tens digit of f(-6)?
1
Let l(c) = 63*c**3 + c**2 - 1. Let o be l(-1). What is the units digit of 302/18 + (-14)/o?
7
Let w(a) = a**2 + 2*a - 5. Let i be w(-4). Suppose -i*u + 63 = 3*s + 21, -3*u + 51 = 4*s. Suppose 2*y = -y + s. What is the units digit of y?
3
Let s = -9 - -9. Suppose -65 + s = -5*f. What is the units digit of f?
3
Let r = 435 + -266. What is the tens digit of r?
6
Suppose c = 6*h - 3*h + 289, 0 = 3*c - 3*h - 855. What is the tens digit of c?
8
Let x = -5 - -5. Let r be 5 - ((x - -1) + 0). Suppose -u = -r - 7. What is the tens digit of u?
1
Suppose 3*b = 10 + 26. Let d = 35 - b. What is the units digit of d?
3
Let j be 0/(-2) + (2 - -1). Suppose 8 = -b + j*b. What is the units digit of ((-2)/8)/((-1)/b)?
1
Let f(b) = -3*b + 2. Let c(r) = r. Let n(x) = 4*c(x) + f(x). What is the units digit of n(-1)?
1
Let c = -4 + 8. Suppose -c*z = 6*x - x + 1, -x + 3*z = -15. Suppose x*l + 70 = 8*l. What is the units digit of l?
4
Suppose -2*l = 8*l - 880. What is the tens digit of l?
8
Suppose -5*z + 2*z = -57. Let a be z + 0 + -1 + 0. What is the units digit of 4/(-14) - a/(-14)?
1
Suppose 2*u + 4*p = -24, 0 = 2*u - 2*p + 3 + 3. Let j = -3 - u. What is the units digit of j?
3
Let i = 19 + 11. What is the units digit of i?
0
Let t(s) = s**2 + 2*s. Let n be t(-4). What is the units digit of (1*2)/(n - 6)?
1
Let g(l) = -5*l + 2. Let k be g(5). Let y = k + 38. What is the units digit of y?
5
Suppose -571 = -4*a + n, -2*a - a = 4*n - 414. What is the tens digit of a?
4
Suppose -5*n = 3*p - 45, 7 = -0*n + n + p. What is the tens digit of (16/n)/(4/78)?
2
Suppose 4 = d + 3. Let v = 4 - d. Suppose v*g - g = -2, 2*o - 9 = -3*g. What is the units digit of o?
6
Let m be (-1589)/(-3) + (-3)/(-9). What is the units digit of 2/(-3) - m/(-30)?
7
Let t be 0/(-6) + (1 - 4). Let x = t + 6. Suppose 3*g - o - 7 = 0, 3*g + x*o = 5*g - 14. What is the units digit of g?
1
Suppose 0*q - 20 = 4*q. Let m = q - -10. What is the units digit of m?
5
Suppose -4*b + f + 217 = 0, b + 2*f = -3*b + 202. What is the units digit of b?
3
Suppose 2*g + 8 = -0*g. Let f be g*(27/(-6))/3. Let u = f + 2. What is the units digit 